by 243?
39
What is the remainder when 3612096 is divided by 157?
154
Calculate the remainder when 71704 is divided by 7501.
4195
What is the remainder when 140247821 is divided by 429?
428
Calculate the remainder when 14314204 is divided by 24017.
72
What is the remainder when 1551885 is divided by 103?
87
What is the remainder when 14790640 is divided by 44?
40
What is the remainder when 333186 is divided by 1334?
1020
Calculate the remainder when 109601754 is divided by 158.
156
Calculate the remainder when 16040135 is divided by 1244.
1243
Calculate the remainder when 413071 is divided by 24.
7
What is the remainder when 81302 is divided by 10156?
54
What is the remainder when 2481162 is divided by 2092?
50
Calculate the remainder when 102233 is divided by 1936.
1561
Calculate the remainder when 915121 is divided by 68.
45
What is the remainder when 215399 is divided by 1841?
2
What is the remainder when 1160905 is divided by 95?
5
What is the remainder when 119665106 is divided by 6298163?
9
What is the remainder when 6863548 is divided by 5103?
13
Calculate the remainder when 539524552 is divided by 9172.
9168
What is the remainder when 231340 is divided by 9635?
100
What is the remainder when 355266 is divided by 3801?
1773
Calculate the remainder when 29577444 is divided by 225782.
2
Calculate the remainder when 1046181 is divided by 5204.
177
What is the remainder when 78921391 is divided by 88?
87
What is the remainder when 104339 is divided by 6521?
3
What is the remainder when 32884 is divided by 375?
259
Calculate the remainder when 3331036 is divided by 5381.
197
What is the remainder when 2370358 is divided by 19429?
20
Calculate the remainder when 14077334 is divided by 526.
522
Calculate the remainder when 424983777 is divided by 18.
15
Calculate the remainder when 4924841 is divided by 30.
11
Calculate the remainder when 9028983 is divided by 1030.
3
Calculate the remainder when 5793686 is divided by 658.
654
Calculate the remainder when 1113537 is divided by 1113526.
11
What is the remainder when 40282 is divided by 10029?
166
Calculate the remainder when 23566613 is divided by 21.
14
What is the remainder when 6117013 is divided by 113?
97
What is the remainder when 947089 is divided by 473392?
305
Calculate the remainder when 538720 is divided by 165.
160
Calculate the remainder when 38699 is divided by 605.
584
Calculate the remainder when 14591914 is divided by 189.
169
Calculate the remainder when 113614818 is divided by 1109.
1095
What is the remainder when 632698 is divided by 90378?
52
What is the remainder when 182522 is divided by 31?
25
What is the remainder when 15999873 is divided by 372090?
3
Calculate the remainder when 836709 is divided by 6802.
63
What is the remainder when 300057 is divided by 18748?
89
What is the remainder when 4111695 is divided by 11?
5
What is the remainder when 238732 is divided by 119030?
672
Calculate the remainder when 5303641 is divided by 230.
71
Calculate the remainder when 852498 is divided by 830.
88
Calculate the remainder when 1081637 is divided by 76.
5
What is the remainder when 1231413 is divided by 2539?
2537
Calculate the remainder when 8388409 is divided by 3929.
3923
Calculate the remainder when 44995845 is divided by 1778.
1777
What is the remainder when 19170 is divided by 18904?
266
Calculate the remainder when 28655 is divided by 4878.
4265
What is the remainder when 29249620 is divided by 55084?
16
Calculate the remainder when 1626890 is divided by 812894.
1102
What is the remainder when 7331261 is divided by 271527?
32
Calculate the remainder when 331979 is divided by 1309.
802
What is the remainder when 2698991 is divided by 3672?
71
What is the remainder when 2557741 is divided by 124?
117
Calculate the remainder when 10108015 is divided by 156.
151
Calculate the remainder when 24294722 is divided by 12147303.
116
What is the remainder when 3113064 is divided by 60?
24
What is the remainder when 1311 is divided by 46?
23
Calculate the remainder when 21453 is divided by 9827.
1799
Calculate the remainder when 81661 is divided by 6772.
397
What is the remainder when 211955 is divided by 1547?
16
Calculate the remainder when 16286139 is divided by 65.
64
What is the remainder when 1060683 is divided by 126?
15
Calculate the remainder when 34420435 is divided by 8605012.
387
What is the remainder when 12005874 is divided by 202?
4
What is the remainder when 27330 is divided by 24?
18
Calculate the remainder when 106952 is divided by 989.
140
What is the remainder when 48153826 is divided by 12038456?
2
Calculate the remainder when 64783 is divided by 174.
55
Calculate the remainder when 700396 is divided by 12.
4
What is the remainder when 14146603 is divided by 372279?
1
What is the remainder when 319488 is divided by 2845?
848
Calculate the remainder when 1360227 is divided by 964.
23
Calculate the remainder when 2871822 is divided by 1141.
1066
What is the remainder when 3068287 is divided by 3068275?
12
Calculate the remainder when 2003691 is divided by 2883.
6
Calculate the remainder when 4106383 is divided by 1559.
1536
What is the remainder when 258705 is divided by 18327?
2127
What is the remainder when 3569336 is divided by 369?
368
Calculate the remainder when 1594832 is divided by 132902.
8
Calculate the remainder when 2107256 is divided by 702414.
14
Calculate the remainder when 555759259 is divided by 1773.
1771
Calculate the remainder when 1041686 is divided by 254.
32
Calculate the remainder when 41942612 is divided by 97.
6
What is the remainder when 10188807 is divided by 1703?
1461
What is the remainder when 375251 is divided by 2757?
299
Calculate the remainder when 143076 is divided by 7174.
6770
Calculate the remainder when 513885787 is divided by 110.
107
What is the remainder when 260421 is divided by 11796?
909
Calculate the remainder when 427066 is divided by 1299.
994
Calculate the remainder when 164079 is divided by 841.
84
What is the remainder when 95852621 is divided by 377?
371
Calculate the remainder when 1778247 is divided by 1789.
1770
Calculate the remainder when 141030614 is divided by 141030609.
5
Calculate the remainder when 1807103 is divided by 785.
33
Calculate the remainder when 761035 is divided by 16.
11
Calculate the remainder when 6623170 is divided by 975.
970
Calculate the remainder when 72256641 is divided by 1078457.
22
Calculate the remainder when 51106 is divided by 4636.
110
What is the remainder when 4156296 is divided by 4156045?
251
What is the remainder when 94271 is divided by 47085?
101
What is the remainder when 274872 is divided by 5403?
4722
Calculate the remainder when 4852233 is divided by 1213049.
37
What is the remainder when 297104 is divided by 1258?
216
Calculate the remainder when 1448568 is divided by 132.
0
What is the remainder when 25437 is divided by 25322?
115
Calculate the remainder when 27829223 is divided by 4517.
4503
Calculate the remainder when 216696712 is divided by 5443.
5439
Calculate the remainder when 102658419 is divided by 51329195.
29
What is the remainder when 7664246 is divided by 514?
506
What is the remainder when 856320 is divided by 507?
504
Calculate the remainder when 12194611 is divided by 19574.
9
What is the remainder when 224656 is divided by 814?
806
Calculate the remainder when 159567 is divided by 15870.
867
Calculate the remainder when 237459124 is divided by 3342.
3340
Calculate the remainder when 103562416 is divided by 17.
14
What is the remainder when 1133526 is divided by 40479?
114
Calculate the remainder when 685596 is divided by 28562.
108
What is the remainder when 258382981 is divided by 17?
15
What is the remainder when 288222 is divided by 1697?
1429
Calculate the remainder when 3873775 is divided by 819.
724
What is the remainder when 5653839 is divided by 1541?
1451
Calculate the remainder when 1976563 is divided by 22983.
25
Calculate the remainder when 20541661 is divided by 2144.
2141
Calculate the remainder when 370957 is divided by 23148.
589
Calculate the remainder when 364563 is divided by 164.
155
What is the remainder when 1668922 is divided by 1172?
1166
Calculate the remainder when 24195 is divided by 6046.
11
Calculate the remain